Let q(n) = -n**3 + 3*n**2 - 3*n - 1. Let y be q(k). Let g be (0 + (-2 - -1))*-175. What is the highest common factor of y and g?
25
Suppose 4*y - 10006 = 1814. What is the highest common divisor of 30 and y?
15
Suppose 353 - 1549 = -4*c. Let i = c + -204. Calculate the highest common divisor of i and 38.
19
Suppose 4*q = -5*i + 52, -2*q - 2*i = -3*i - 26. Calculate the greatest common factor of 39 and q.
13
Let n(b) = 2*b**3 + b**2 - 2*b. Let a = 4 + -1. Let q be n(a). Let d = q + 0. Calculate the highest common divisor of 19 and d.
19
Suppose -2*o = -4*p - 10 - 4, 0 = -2*o - 2*p + 20. What is the greatest common factor of o and 171?
9
Suppose 0 = -0*q + 2*q + 124. Let s = 55 - q. Let j be (-22)/(-33) - 37/(-3). Calculate the greatest common factor of j and s.
13
Let x(w) = -w**2 + 2. Let t be x(-5). Let o = t + 32. Suppose -72 = 5*c - 47, 5*p + 2*c = 395. What is the highest common divisor of o and p?
9
Suppose -36*a = -42*a + 1392. What is the greatest common factor of 87 and a?
29
Let d(f) = 7*f + 24. Let g be d(-9). Let h = 33 - g. Calculate the greatest common divisor of h and 18.
18
Suppose -t + 6*t - 330 = 0. Suppose -f + t = f. Suppose 0 = 4*y + 5*j - 51, -y + 3*y = -5*j + f. What is the highest common factor of 81 and y?
9
Let s be -4*(-21)/(-12)*-2. Calculate the greatest common divisor of 21 and s.
7
Let i = -513 + 890. Calculate the greatest common factor of 58 and i.
29
Let n be (226 - 3/3) + 0. Suppose -3*t - 15 = -0, -4*t = 5*s - 5. Suppose 0*h + 10 = -5*h, s*h + 135 = 5*d. What is the greatest common divisor of d and n?
25
Let f(m) = 2*m**2 - 4 + 0*m - 3*m**2 - 3*m. Let w be f(-3). Let p(i) = -3*i - 6. Let t be p(w). What is the greatest common divisor of 12 and t?
6
Let r(o) = -2*o - 5. Let v be r(-4). Let h be 2*2/8 - (-1276)/88. Calculate the highest common divisor of h and v.
3
Suppose 84 = 2*z + 4*l, 3*z - 5*z = 2*l - 74. Calculate the highest common factor of z and 152.
8
Suppose -6 = -2*a - 4*n, -2*a - 5*n - 31 = -3*a. Let o = a - 55. Let d be o*(9/(-4) - -2). What is the greatest common divisor of 11 and d?
11
Let a(d) = 7*d - 28. Let h be a(5). Suppose -2*y = g + 14, 3*y = 8*y + 10. Let j = g + 17. What is the greatest common divisor of h and j?
7
Let v(z) be the first derivative of -z**3/3 - 7*z**2/2 + 10*z + 31. Suppose 4*q + 44 - 16 = 0. Let n be v(q). What is the highest common factor of n and 40?
10
Let n(b) = 2*b - 27. Let u be n(10). Suppose 2*r + 44 = -70. Let m = u - r. Calculate the greatest common factor of 5 and m.
5
Let g(m) = 49*m + 1. Let z(w) = w - 4. Let v be z(5). Let j be g(v). Suppose -2*h + 8 = x, -3*h + 0*h + 25 = -5*x. What is the highest common factor of j and h?
5
Suppose -230*l + 235*l = 15. Suppose 2*a + 33 = l*a. What is the highest common factor of 22 and a?
11
Suppose 368 = 8*k - 192. Calculate the highest common factor of 50 and k.
10
Let z be (-5)/((-50)/(-40))*-1. Let r = 18 - 8. What is the greatest common factor of r and z?
2
Suppose 0 = -5*d + 222 + 138. Let m(g) = g**3 - g**2 - 29*g + 17. Let i be m(7). Calculate the highest common divisor of d and i.
36
Suppose -5*q - 3*o + 15 = 0, 2 = 4*q - 2*o - 10. Suppose 4*u = -h + 169, -q*u + 91 + 34 = -h. What is the highest common divisor of u and 6?
6
Let g(q) = -q + 1. Let w be g(-9). Let l(m) = -42*m - 98. Let b be l(-4). Calculate the greatest common divisor of w and b.
10
Let w(r) = 23*r + 26*r - 2 - 72*r + 31*r. Let d be w(1). Let t(i) = -i**2 - 12*i - 6. Let l be t(-6). What is the highest common divisor of d and l?
6
Let n be (-11)/3 + (-8525)/(-165). Let l(p) = -3*p - 3. Let x be l(-5). Calculate the greatest common factor of x and n.
12
Let u(f) = -4*f**2 + 3*f - 4 - 5*f + 0*f**3 - f**3. Let s be u(-4). Suppose s*z - 44 = -8. What is the greatest common divisor of 72 and z?
9
Let m be (9/(6 - 24))/((-2)/88). Calculate the greatest common divisor of 33 and m.
11
Let c(n) = 9*n - 281. Let a be c(34). Calculate the highest common factor of 40 and a.
5
Let t = -30 - -33. Suppose 5*a - 57 = 4*y, -3*y + a = t*a + 14. Let r be (y/12)/((-2)/12). What is the highest common divisor of r and 2?
2
Suppose 0 = 1290*s - 1289*s - 140. Calculate the greatest common divisor of 30 and s.
10
Let x be (30 + -3)/9 - (-38 + -1). Calculate the greatest common factor of x and 105.
21
Suppose 0 = -o + 3*y - 10, 4*y - 2 = 14. Let l(t) = -t**3 - 3*t**2 - t - 4. Let a be l(-4). What is the greatest common factor of a and o?
2
Suppose 0 = -3*r - 5*o + 5328, 10*o - 5*o = -5*r + 8880. What is the highest common factor of 24 and r?
24
Suppose 31 + 20 = -3*r. Let u = r + 18. Let w be (-1)/2*(-10)/u. What is the greatest common factor of 1 and w?
1
Suppose -2*p - 25 = -7*p, -45 = -k - 2*p. Suppose -s - k = -147. What is the greatest common factor of 16 and s?
16
Suppose 234 + 77 = 4*u + 3*s, -s = u - 79. Calculate the greatest common factor of u and 4.
2
Let p = -1816 - -2002. What is the greatest common divisor of 30 and p?
6
Let s = 7 + -3. Suppose s*k + 29 = 3*q, 11 = -0*q + q - 2*k. Let o = 174 + -97. What is the greatest common factor of o and q?
7
Let n be 3/(-5) - 66/(-10). Suppose 10*s = n*s + 280. Calculate the highest common divisor of s and 14.
14
Let l be (36/(-10) + 0)/(63/(-210)). Suppose -4*q = -237 - 99. Calculate the highest common divisor of l and q.
12
Let b = -11 - -62. Let q be 3*(-8)/(-3)*782/184. Calculate the greatest common factor of b and q.
17
Suppose -5*c + 1351 = -g, -5*g - 1 = 4. Suppose -80 = -5*w + c. Let k = -12 + 19. What is the greatest common factor of w and k?
7
Let d(v) = -7*v + 31. Let b be d(-7). Calculate the greatest common factor of b and 70.
10
Let s(j) be the second derivative of -19*j**3/3 + 7*j**2/2 - 5*j. Let t be s(-1). Let z = -1 - -10. Calculate the greatest common factor of z and t.
9
Let m(b) = b**2 + b + 3. Let v be m(-4). Suppose 0 = 8*i - 3*i + 95. Let f = -9 - i. What is the greatest common factor of v and f?
5
Let s be 44/((2/12)/(69/92)). What is the highest common factor of 18 and s?
18
Let m = -1 + -32. Let o be (-2 + -50)*(m/(-12) + -3). Calculate the highest common divisor of 130 and o.
13
Let m(d) = d**3 - 5*d**2 + d. Let u be m(2). Let f(w) = -w**2 - 11*w + 17. Let o be f(u). What is the greatest common divisor of 3 and o?
3
Let d = 219 + -155. What is the highest common divisor of 160 and d?
32
Let g = -126 - -125. Let c be ((-9)/(-15))/(g/((-30)/1)). Calculate the highest common divisor of 144 and c.
18
Let q(a) = a**2 + 2*a - 3. Let j be q(-3). Suppose -g + 5 + 7 = j. Calculate the greatest common factor of g and 6.
6
Suppose -24*m + 27*m - 1107 = 0. What is the highest common factor of 18 and m?
9
Suppose -5*g = -11 + 26. Let w be (-431)/g - 6/9*1. Let a = 13 - 0. What is the highest common factor of w and a?
13
Let v = 156 - 13. Let q be -19 - -4 - (2 - -2). Let p = 32 + q. What is the highest common factor of v and p?
13
Suppose -247 = -3*k - 5*j - 70, k = 2*j + 48. Let t be k/(-15)*(-4 - 1). Let u be 135*(-2 + (-48)/(-20)). What is the highest common factor of t and u?
18
Let k = -218 - -248. What is the highest common factor of k and 30?
30
Suppose 50 = 118*j - 116*j. Let g(p) = p**3 + 2. Let h be g(0). Suppose 250 = h*a - a. What is the greatest common factor of j and a?
25
Let h(x) = 5*x**2 + 2*x - 22*x**3 + 7*x**3 + 1 + 0 - 3*x**2. Let b be h(-1). What is the highest common factor of b and 2?
2
Let b(s) = 7 + 4*s**2 + 2*s - 9*s**2 - 10. Let o be b(3). Let k = o + 102. What is the greatest common factor of 12 and k?
12
Suppose 0 = 3*v + 5*j - 0*j - 55, v - 11 = 2*j. Let u(s) = -8 + 0*s**2 + 0*s**2 + 8*s**2. Let d be u(-4). Calculate the highest common divisor of v and d.
15
Let p = -64 - -109. Suppose -2*g + 4*m + 41 = g, 5*g = -5*m + p. What is the highest common factor of g and 143?
11
Suppose -15 = -3*t, 2*o - 3*o + 13 = 3*t. Let j be (3/(-6))/(o/96). Suppose j = a - 4. Calculate the highest common divisor of a and 14.
14
Suppose 147 = 174*a - 167*a. Calculate the greatest common factor of a and 84.
21
Suppose -86*h = -112*h + 4576. Let x(y) = -y**3 - 6*y**2 - y + 5. Let i be x(-6). What is the greatest common factor of h and i?
11
Let k = -21 + 27. Suppose x = -3 + k. Suppose 3*d = 5*h - 205 - 35, -15 = -x*d. What is the highest common divisor of h and 34?
17
Suppose 3*l + 3 = -2*s